 10 = 0. Give p(g).
-11
Let j be (4 - -1)*12/10. Let m = 383 + -364. Let n(k) = m - 30 + k + 8 + 0*k. What is n(j)?
3
Let k(a) = 8*a - 52. Suppose 35*l + 28*l = l + 372. Calculate k(l).
-4
Let q(y) = y. Let a(p) = -4*p. Let r(j) = 5*a(j) + 16*q(j). Suppose -553*b + 1468 = 915. What is r(b)?
-4
Let d(g) = g**3 + 5*g**2 + 5*g + 4. Suppose -4*v - 176 = -j, j - 2*v - 62 - 124 = 0. Suppose -48*q - j = q. Determine d(q).
0
Let x(n) be the third derivative of n**5/60 - 5*n**4/12 + 4*n**3/3 + 3*n**2 - 199. What is x(10)?
8
Let q(m) = 41*m + 564. Let x be q(-14). Let w(n) = -9*n - 84. Calculate w(x).
6
Let d(c) = -6*c**2 + 4 + c**3 + 7 - 4. Let x(b) = 17 - 10 - 54*b + 3*b**2 - 6 + 5. Let h be x(18). Give d(h).
7
Let n be 18/(-15) + (-1 - (-273)/15). Let r(o) = -o**3 + 14*o**2 + 33*o - 14. Calculate r(n).
2
Let f(t) = -2*t**3 + 10*t**2 + 15*t - 17. Let x be f(6). Let m(s) = -x + s + 2 - 5 + 2. Calculate m(6).
4
Suppose -34*a - 143 = 8*a + 109. Let c(x) = -x**3 - 6*x**2 + 8*x + 44. Give c(a).
-4
Let u(c) = c + 9. Let f be u(-7). Let m = f - -1. Let i(g) = -6*g - 9*g**3 + 10*g**3 - 1 - 3*g**2 + 8*g. Give i(m).
5
Let r(k) = 6*k**2 - k - 1. Let t be (-1)/(-4)*176/11. Suppose 0*n - 5*n - i - 25 = 0, 3*i = -t*n - 9. Let q be (-9)/n*(-16)/24. Give r(q).
6
Let j be (-270)/24*16*(-3)/6. Suppose 7*n + 8*n = -j. Let a(t) = -t + 1. Calculate a(n).
7
Let g(s) = -s**3 - 8*s**2 - s + 10. Suppose 5*m = q + 2*m - 18, -m = 4. Let d be (-64)/(-48)*(0 - q). Determine g(d).
18
Let v(j) = 45*j - 229. Let a(m) = 90*m - 473. Let u(q) = -3*a(q) + 5*v(q). Give u(6).
4
Let a be ((-13)/(-52))/((-5)/(-200)). Let b(g) be the first derivative of g**3/3 - 11*g**2/2 + 10*g - 8. Determine b(a).
0
Suppose 4*w + 4*w = 0. Let a(u) = 10*u - 5*u + u**2 - 4 + w - 3*u. Let n be a(-4). Let g(k) = k - 5. What is g(n)?
-1
Let m(r) = -r**3 - 3*r**2 + 6*r - 7. Suppose -206 = -7*v + 9*v. Let t = -100 - v. Let z(c) = -5*c + 10. Let b be z(t). What is m(b)?
13
Let f(g) be the second derivative of -g**4/12 - 5*g**3/2 + 19*g**2/2 + g - 47. Calculate f(-15).
19
Let f(z) = -34*z**2 - 9*z - 11. Let h(o) be the third derivative of 4*o**5/15 + o**4/6 + 5*o**3/6 - 5*o**2. Let u(a) = -6*f(a) - 13*h(a). What is u(2)?
-11
Let w be 63 - (17 - 18)*(-2)/2. Suppose -w*q + 65*q - 6 = 0. Let k(f) = 2*f**3 + 3*f**2 - 2*f + 1. Calculate k(q).
25
Let y(b) = -122*b - 31. Let w(k) = 153*k + 32. Let z(n) = 4*w(n) + 5*y(n). Calculate z(-6).
-39
Let l(t) = 17*t - 1 + 15*t - 82*t + 31*t + 13*t + 2*t**2. Calculate l(3).
-1
Let w(t) = -6*t**2 + 0*t**2 - 7*t**2 + t**2 + 11*t**2. What is w(-2)?
-4
Let y(q) = -239*q**3 - 235*q**3 + 716*q**3 - 6*q - 241*q**3 + 5*q**2. Calculate y(-6).
0
Suppose -3*n = -7*n - 24. Let i(w) = -9*w**2 - 10*w**2 + 18*w**2 - 2280 + 1139 - 3*w + 1133. Determine i(n).
-26
Let g be 30/(-40) + 36/(-16) + 4. Let t(c) be the first derivative of 2/3*c**3 - c - 1/4*c**4 + 0*c**2 + 2. Give t(g).
0
Suppose 701 = 4*a - 3*c + 748, 0 = -2*a + 3*c - 31. Let p(t) = -3*t**2 - 19*t - 38. Let o(w) = -w**2 - 6*w - 13. Let k(j) = -8*o(j) + 3*p(j). What is k(a)?
-2
Suppose -5*q = -3*l + 66, 38*l = 34*l - 2*q - 16. Let i(y) be the first derivative of y**3/3 - y**2/2 + 2*y + 1. Determine i(l).
4
Suppose 3*o - 7*o + 16 = 0. Let q(s) be the third derivative of -s**4/12 + s**3/3 - 26*s**2 + 5*s. Give q(o).
-6
Let c(m) = -3*m**2 + 81*m + 169. Let f be c(29). Let b(p) be the first derivative of p**3/3 + 3*p**2 + 12*p + 3. Determine b(f).
7
Let b(u) = -2 - 8*u**2 + 11*u**3 + 0 + 8*u - 12*u**3. Let m(a) = -2*a**2 - 110*a + 219. Let y be m(2). Calculate b(y).
7
Let o = 644921/20 - 32246. Let d(t) be the second derivative of -5/6*t**4 + o*t**5 + 0 - 9/2*t**2 + 2*t**3 + 36*t. Give d(9).
18
Let g = 41 - 37. Suppose 7*s - 2*s = 15. Let k(n) = s - 7 + 6*n + n**2 + 2 - 2*n**2. Determine k(g).
6
Let d(u) = u**3 - 5*u**2 + 7. Let i(n) = -5*n - 3. Let l be i(-1). Suppose -20*m = l*m - 110. Calculate d(m).
7
Let g = 196 + -196. Let x(t) = 52*t - 11 - 53*t - 13 + 6. Give x(g).
-18
Suppose -4*a + 4*i = 2*i + 578, -3*i = 3*a + 456. Let n be (a - -3)/8 + (2 - -1). Let y(p) = -p**3 - 16*p**2 - 15*p - 2. What is y(n)?
-2
Let o(p) = -3*p + 1. Suppose 37*n = 42*n + 1015. Let u = 206 + n. What is o(u)?
-8
Suppose 343 - 1679 = -167*n. Let v(t) = 2*t**2 - 9*t - 56. Calculate v(n).
0
Suppose -119 - 13 = 11*u. Let t be 1 - (-39)/(-12) - u/(-16). Let y(n) = 2*n**2 - n - 4. Give y(t).
17
Let w(t) = 23*t**2 + 3*t + 4. Let n(p) = 93*p**2 + 12*p + 17. Let l(c) = -2*n(c) + 9*w(c). Determine l(-1).
20
Let h be 48/5*(-140)/21. Let o = h - -68. Let d(f) = 4 + 2*f - 4 - 2 - 4. Give d(o).
2
Let f = -109 + 113. Suppose -6*i + 9*i + f = 4*n, 3*i = -n - 14. Let m(t) = -t**2 - 3*t + 1. Determine m(i).
-3
Let j(d) = 5*d - 93. Let l be j(19). Let n(t) = t**l + 42 + t - 17 + 2 - 14. What is n(0)?
13
Let s be -7 + ((-9)/((-54)/96) - -3). Let c be 0*-1*(-1 - 0). Suppose c = -s*x + 3*x. Let l(p) = p + 3. Give l(x).
3
Let c(y) be the first derivative of -y**2/2 - 7*y + 3. Let q(s) = s**3 + 37*s**2 + 116*s + 45. Let l be q(-3). Give c(l).
-10
Suppose -212*l + 2468 + 2853 + 1463 = 0. Let g(n) = -n**3 + 32*n**2 + 2*n - 56. What is g(l)?
8
Let i = 20 + -7. Suppose 5*v = -12 - i. Let k(h) = -h**3 - 4*h**2 + 5*h - 1. What is k(v)?
-1
Let x be 40/15 - 4 - (160/(-12) + -1). Let o(q) = q**2 - 13*q - 7. Calculate o(x).
-7
Let o(t) be the third derivative of -t**5/30 - 5*t**4/12 + 5*t**3/6 + 330*t**2. Let p be ((-33)/(-9) - 4)*-3 - 9. Calculate o(p).
-43
Let n(k) be the third derivative of 17*k**5/60 - 4*k**2 - 5*k. Suppose -11 = -12*j + 1. What is n(j)?
17
Suppose 0 = 17*r - 24*r + 35. Let l(z) = z**2 + 1. Let o(p) = -20*p**2 + 5*p**2 - 1 + 4*p**2 - 2*p + 10*p**2. Let m(y) = -3*l(y) - 2*o(y). Give m(r).
-6
Let b(q) = -q**3 - 7*q**2 + 11*q + 24. Let g be b(-8). Let n(y) = -21*y**3 + 22*y**3 + 4 - 2*y - 3 + g. Calculate n(1).
0
Let m(h) = -5456*h + 27 + 10891*h - 5448*h + h**3 + 0*h**2 + 12*h**2. What is m(-12)?
183
Let l(y) = -y + 11. Let w = -248 - -173. Let i = w - -80. What is l(i)?
6
Let k(f) = f**3 + 9*f**2 + 8*f - 18. Let o be k(-8). Let i = 20 + o. Let z(j) = -7*j**2 + 7*j**2 + 2 + i*j - j**2 - 8*j. Calculate z(-7).
-5
Let o(r) be the first derivative of 0*r + 1/2*r**2 - 59. Give o(-4).
-4
Suppose -u = r + 1, 7*u + 13 = -r + 2*u. Let k(y) = 0*y**r - 7*y**2 - 2 + 3*y**3 - 4*y + 3 - 4*y**3. Give k(-6).
-11
Let j(s) = 86*s + 856. Suppose -122*l - 68 = 4*a - 126*l, 2*l = a + 24. Give j(a).
-4
Let x(t) = -t + 8. Let j(v) = -27*v - 20*v + 4 + 51*v. Let o be j(0). Let l be x(o). Let q(y) = -y**3 + 5*y**2 - 2*y + 6. What is q(l)?
14
Let s(w) = w**3 + 2*w**2 + 4*w + 3. Let b(y) = -2*y - 30. Let h(g) = -g**2 + 7*g + 16. Let u be h(-3). Let i be b(u). Give s(i).
-5
Let h(d) be the second derivative of -d**4/12 - 2*d**3 + 3*d**2/2 - 30*d + 24. Calculate h(-6).
39
Let c(i) be the first derivative of -i**4/4 + 7*i**3/3 - 4*i**2 + 9*i + 192. What is c(7)?
-47
Let g(a) = 2*a - 3. Let z be g(3). Let q = z - 2. Let i(y) = -2*y - 11*y - 477495 + 4*y + 477495 - 2*y. Give i(q).
-11
Let l(q) = -q + 4 - 6 - 7 - 12. Let f = -38 + 71. Suppose -12 = 5*y + f. Calculate l(y).
-12
Let s(h) = h**2 - 14*h - 3779. Let c be s(-55). Let n(k) = -7*k + 109. Give n(c).
-3
Let q(t) be the first derivative of 2*t**2 + 3*t - 73. Let g(j) = -2*j**3 - 23*j**2 + 8*j - 50. Let r be g(-12). Calculate q(r).
-5
Suppose -39*r - 314 + 275 = 0. Let c(y) = -15*y + 3. What is c(r)?
18
Let m be 2*(10 + 280/(-16) - -6). Let g(d) = -4*d - 3 + 5 - 3. Let x(t) = 4*t. Let c(y) = 4*g(y) + 3*x(y). What is c(m)?
8
Let x(k) be the second derivative of -1/2*k**4 + 1/3*k**3 + 3/2*k**2 + 13 + 3*k + 1/20*k**5. Calculate x(5).
-12
Let b(a) = 7*a**2 + 35*a - 43. Suppose -25*k - 122 = 28. Determine b(k).
-1
Suppose -150*d - 239 - 407 = 254. Let j(b) = -b + 6. Let g(p) = -4*p + 30. Let c(n) = -3*g(n) + 14*j(n). Determine c(d).
6
Let b(i) = -i**3 + 6*i**2 + 24*i - 58. Let h = -175 - -183. Let p be b(h). Let d(t) = t - 2. What is d(p)?
4
Suppose -8*m = -4*m + 116. Let a = m - -39. Let o(c) = -11 + 2*c**3 + 7*c**2 - a*c + 5*c**3 - 6*c**3. Calculate o(-8).
5
Let l(b) be the third derivative of -b**4/12 - 7*b**3/3 + 384*b**2 - 1. Calculate l(0).
-14
Let w be (-4)/10*(-6 + 4) - 825/(-375). Let v(k) be the first derivative of -13/3*k**w - 1/4*k**4 - 11/2